sands digit of 42598426?
5
What is the millions digit of 48266807?
8
What is the tens digit of 324701547?
4
What is the thousands digit of 6210316?
0
What is the millions digit of 750000898?
0
What is the hundred millions digit of 113372622?
1
What is the hundreds digit of 667665922?
9
What is the hundreds digit of 159906417?
4
What is the tens digit of 1718862275?
7
What is the thousands digit of 391348676?
8
What is the thousands digit of 5520186537?
6
What is the ten thousands digit of 59845411?
4
What is the units digit of 109483374?
4
What is the hundreds digit of 82682988?
9
What is the hundred millions digit of 2719032973?
7
What is the hundreds digit of 102009158?
1
What is the hundred thousands digit of 6508770?
5
What is the millions digit of 4653036108?
3
What is the units digit of 60869117?
7
What is the ten thousands digit of 1709794948?
9
What is the billions digit of 1713250980?
1
What is the hundred thousands digit of 2595024789?
0
What is the ten millions digit of 49343843?
4
What is the units digit of 202278190?
0
What is the tens digit of 57690946?
4
What is the ten millions digit of 70228783?
7
What is the thousands digit of 76674857?
4
What is the ten thousands digit of 11302193?
0
What is the thousands digit of 382317148?
7
What is the units digit of 23689953?
3
What is the hundreds digit of 794543825?
8
What is the hundreds digit of 3114536932?
9
What is the units digit of 268243801?
1
What is the ten millions digit of 122086955?
2
What is the millions digit of 230141034?
0
What is the ten millions digit of 43154621?
4
What is the tens digit of 592607349?
4
What is the hundreds digit of 1487368706?
7
What is the hundred millions digit of 235202542?
2
What is the tens digit of 4365819455?
5
What is the hundreds digit of 42352965?
9
What is the hundreds digit of 505493907?
9
What is the ten millions digit of 71088490?
7
What is the thousands digit of 3511042145?
2
What is the units digit of 629656661?
1
What is the hundreds digit of 1575954805?
8
What is the ten millions digit of 847553992?
4
What is the hundreds digit of 2086800791?
7
What is the hundred thousands digit of 27316507?
3
What is the thousands digit of 1816005948?
5
What is the millions digit of 568747073?
8
What is the hundred thousands digit of 2993210591?
2
What is the millions digit of 1287235811?
7
What is the tens digit of 120584646?
4
What is the billions digit of 4930110931?
4
What is the tens digit of 631423005?
0
What is the hundred thousands digit of 6089808525?
8
What is the hundreds digit of 13429234?
2
What is the hundred thousands digit of 1356081222?
0
What is the millions digit of 389834451?
9
What is the thousands digit of 154366398?
6
What is the hundred thousands digit of 374189?
3
What is the hundred thousands digit of 419012693?
0
What is the hundred thousands digit of 375175834?
1
What is the ten millions digit of 2923395875?
2
What is the ten millions digit of 404771796?
0
What is the ten thousands digit of 8788406456?
0
What is the hundred thousands digit of 228493690?
4
What is the ten thousands digit of 98285091?
8
What is the units digit of 888104325?
5
What is the thousands digit of 1298271577?
1
What is the hundred thousands digit of 166744425?
7
What is the ten thousands digit of 18619772?
1
What is the hundred millions digit of 3865630681?
8
What is the tens digit of 518968140?
4
What is the units digit of 1880537565?
5
What is the hundred millions digit of 4830840222?
8
What is the tens digit of 764259852?
5
What is the ten millions digit of 191281097?
9
What is the hundreds digit of 49110438?
4
What is the millions digit of 81581418?
1
What is the millions digit of 244172608?
4
What is the thousands digit of 107673539?
3
What is the units digit of 1624637482?
2
What is the hundreds digit of 14463800?
8
What is the hundred millions digit of 215300882?
2
What is the hundred millions digit of 858647847?
8
What is the ten millions digit of 3464325553?
6
What is the thousands digit of 51687216?
7
What is the millions digit of 2498094804?
8
What is the billions digit of 2231047430?
2
What is the hundreds digit of 279315424?
4
What is the units digit of 21708796?
6
What is the ten millions digit of 913852173?
1
What is the thousands digit of 361196428?
6
What is the ten millions digit of 274014127?
7
What is the hundred thousands digit of 95030852?
0
What is the hundred millions digit of 436371056?
4
What is the millions digit of 542152116?
2
What is the ten millions digit of 174582714?
7
What is the hundred thousands digit of 997614695?
6
What is the hundred thousands digit of 744153209?
1
What is the units digit of 29913684?
4
What is the ten thousands digit of 82316106?
1
What is the units digit of 23539502?
2
What is the units digit of 50960014?
4
What is the millions digit of 2401780335?
1
What is the ten thousands digit of 14793096?
9
What is the ten thousands digit of 264940912?
4
What is the thousands digit of 104140521?
0
What is the units digit of 68997767?
7
What is the ten millions digit of 148418184?
4
What is the units digit of 14125669?
9
What is the hundred millions digit of 3651202995?
6
What is the hundreds digit of 158714588?
5
What is the thousands digit of 78141330?
1
What is the tens digit of 334300508?
0
What is the millions digit of 611222298?
1
What is the thousands digit of 876692683?
2
What is the units digit of 2298369388?
8
What is the billions digit of 4395887929?
4
What is the hundreds digit of 1116043121?
1
What is the ten millions digit of 61944404?
6
What is the tens digit of 4366187674?
7
What is the ten millions digit of 106931804?
0
What is the ten thousands digit of 44820291?
2
What is the hundred millions digit of 890732522?
8
What is the hundreds digit of 287825273?
2
What is the units digit of 50333465?
5
What is the hundred millions digit of 462116247?
4
What is the thousands digit of 49080513?
0
What is the ten millions digit of 106539889?
0
What is the hundred thousands digit of 133300352?
3
What is the thousands digit of 45316986?
6
What is the units digit of 886246287?
7
What is the units digit of 73508712?
2
What is the hundred millions digit of 2371699239?
3
What is the units digit of 122871358?
8
What is the ten thousands digit of 1941478542?
7
What is the ten thousands digit of 3821028680?
2
What is the hundred thousands digit of 25194558?
1
What is the billions digit of 2866181262?
2
What is the units digit of 1103321135?
5
What is the millions digit of 3437500698?
7
What is the ten thousands digit of 122698641?
9
What is the thousands digit of 161201806?
1
What is the hundred millions digit of 100980894?
1
What is the ten thousands digit of 77949029?
4
What is the ten thousands digit of 600189176?
8
What is the tens digit of 732063258?
5
What is the ten millions digit of 1741163510?
4
What is the ten millions digit of 574252910?
7
What is the millions digit of 55279707?
5
What is the hundred millions digit of 155406638?
1
What is the thousands digit of 5778954?
8
What is the units digit of 178191489?
9
What is the hundred millions digit of 172178924?
1
What is the ten millions digit of 39759191?
3
What is the ten thousands digit of 98900238?
0
What is the millions digit of 15832965?
5
What is the tens digit of 86874901?
0
What is the thousands digit of 55976060?
6
What is the hundreds digit of 302686978?
9
What is the millions digit of 2241066813?
1
What is the thousands digit of 292953981?
3
What is the units digit of 323096115?
5
What is the thousands digit of 209500886?
0
What is the ten thousands digit of 48343954?
4
What is the hundreds digit of 68631015?
0
What is the ten millions digit of 31009275?
3
What is the tens digit of 502668442?
4
What is the hundred thousands digit of 1731343779?
3
What is the ten millions digit of 19134437?
1
What is the billions digit of 2003351348?
2
What is the thousands digit of 958320513?
0
What is the units digit of 19037571?
1
What is the ten thousands digit of 603874603?
7
What is the millions digit of 17553185?
7
What is the ten thousands digit of 383514694?
1
What is the hundred thousands digit of 3558483?
5
What is the millions digit of 1475907357?
5
What is the units digit of 4003043?
3
What is the units digit of 188179076?
6
What 